e thousands digit of 326820?
6
What is the hundred thousands digit of 4610953?
6
What is the thousands digit of 579177?
9
What is the ten thousands digit of 2871000?
7
What is the ten thousands digit of 5071287?
7
What is the tens digit of 213573?
7
What is the ten thousands digit of 7781625?
8
What is the thousands digit of 5660661?
0
What is the hundreds digit of 3799756?
7
What is the units digit of 98664?
4
What is the hundreds digit of 266061?
0
What is the hundreds digit of 1619624?
6
What is the tens digit of 24257?
5
What is the thousands digit of 4179631?
9
What is the ten thousands digit of 550395?
5
What is the ten thousands digit of 36826?
3
What is the hundreds digit of 4867887?
8
What is the millions digit of 1434726?
1
What is the units digit of 10654048?
8
What is the ten thousands digit of 4618218?
1
What is the thousands digit of 5620319?
0
What is the ten thousands digit of 18423871?
2
What is the units digit of 1081950?
0
What is the tens digit of 131715?
1
What is the hundreds digit of 2050695?
6
What is the thousands digit of 403212?
3
What is the units digit of 839417?
7
What is the ten thousands digit of 6510527?
1
What is the tens digit of 25019198?
9
What is the hundred thousands digit of 18730822?
7
What is the ten thousands digit of 24886175?
8
What is the hundreds digit of 55397?
3
What is the units digit of 5507538?
8
What is the tens digit of 2486841?
4
What is the units digit of 746099?
9
What is the hundreds digit of 7738802?
8
What is the tens digit of 23205095?
9
What is the hundred thousands digit of 528630?
5
What is the tens digit of 169051?
5
What is the thousands digit of 5798918?
8
What is the thousands digit of 64149?
4
What is the hundreds digit of 1537838?
8
What is the hundred thousands digit of 230952?
2
What is the hundreds digit of 192261?
2
What is the hundred thousands digit of 875799?
8
What is the hundreds digit of 258626?
6
What is the tens digit of 3636630?
3
What is the ten thousands digit of 8316307?
1
What is the units digit of 26641716?
6
What is the thousands digit of 4416600?
6
What is the thousands digit of 7672775?
2
What is the hundred thousands digit of 179409?
1
What is the hundred thousands digit of 6693402?
6
What is the ten thousands digit of 8702917?
0
What is the tens digit of 220157?
5
What is the ten thousands digit of 2107074?
0
What is the hundred thousands digit of 116387?
1
What is the thousands digit of 171981?
1
What is the hundreds digit of 7677289?
2
What is the hundred thousands digit of 1111737?
1
What is the tens digit of 740960?
6
What is the thousands digit of 20924?
0
What is the tens digit of 10891362?
6
What is the hundred thousands digit of 15327332?
3
What is the hundreds digit of 16217719?
7
What is the tens digit of 245851?
5
What is the millions digit of 24015418?
4
What is the hundred thousands digit of 2429253?
4
What is the units digit of 617622?
2
What is the hundred thousands digit of 14422305?
4
What is the thousands digit of 218147?
8
What is the units digit of 225932?
2
What is the thousands digit of 461399?
1
What is the hundreds digit of 2232439?
4
What is the hundreds digit of 31200390?
3
What is the hundred thousands digit of 880258?
8
What is the units digit of 2095264?
4
What is the millions digit of 5873832?
5
What is the ten thousands digit of 774088?
7
What is the thousands digit of 7831976?
1
What is the ten thousands digit of 3319575?
1
What is the thousands digit of 4692453?
2
What is the ten thousands digit of 307494?
0
What is the ten thousands digit of 122519?
2
What is the thousands digit of 131411?
1
What is the units digit of 166390?
0
What is the tens digit of 4254542?
4
What is the tens digit of 435194?
9
What is the hundred thousands digit of 497806?
4
What is the thousands digit of 60602?
0
What is the hundred thousands digit of 5610692?
6
What is the ten thousands digit of 806537?
0
What is the thousands digit of 188295?
8
What is the tens digit of 65254?
5
What is the tens digit of 99837?
3
What is the tens digit of 889488?
8
What is the hundreds digit of 32547934?
9
What is the thousands digit of 621683?
1
What is the thousands digit of 162147?
2
What is the tens digit of 11856997?
9
What is the units digit of 9798277?
7
What is the tens digit of 11371931?
3
What is the hundred thousands digit of 2351522?
3
What is the units digit of 903409?
9
What is the units digit of 50140?
0
What is the hundreds digit of 1183323?
3
What is the units digit of 7546611?
1
What is the units digit of 233516?
6
What is the units digit of 3975754?
4
What is the ten thousands digit of 5958072?
5
What is the units digit of 3649689?
9
What is the hundreds digit of 9427?
4
What is the tens digit of 3137991?
9
What is the hundred thousands digit of 5084973?
0
What is the thousands digit of 16203877?
3
What is the hundreds digit of 159413?
4
What is the tens digit of 5670221?
2
What is the units digit of 293793?
3
What is the units digit of 519613?
3
What is the thousands digit of 20769485?
9
What is the ten thousands digit of 541432?
4
What is the units digit of 8817908?
8
What is the ten thousands digit of 685296?
8
What is the thousands digit of 56570?
6
What is the thousands digit of 348066?
8
What is the hundred thousands digit of 1161843?
1
What is the ten thousands digit of 2918854?
1
What is the ten thousands digit of 966326?
6
What is the hundred thousands digit of 960782?
9
What is the tens digit of 201065?
6
What is the units digit of 288203?
3
What is the units digit of 704821?
1
What is the ten thousands digit of 3411668?
1
What is the millions digit of 1361209?
1
What is the tens digit of 440956?
5
What is the thousands digit of 187870?
7
What is the hundreds digit of 96416?
4
What is the tens digit of 535872?
7
What is the hundreds digit of 33403?
4
What is the tens digit of 33133?
3
What is the tens digit of 415782?
8
What is the hundred thousands digit of 1030911?
0
What is the hundreds digit of 2269725?
7
What is the hundred thousands digit of 972714?
9
What is the thousands digit of 488956?
8
What is the millions digit of 2136757?
2
What is the millions digit of 11293168?
1
What is the thousands digit of 1725814?
5
What is the thousands digit of 395138?
5
What is the hundred thousands digit of 24373048?
3
What is the units digit of 1908574?
4
What is the thousands digit of 2017597?
7
What is the units digit of 837310?
0
What is the hundred thousands digit of 981675?
9
What is the millions digit of 21588876?
1
What is the ten thousands digit of 4586135?
8
What is the units digit of 233324?
4
What is the thousands digit of 486722?
6
What is the tens digit of 4716271?
7
What is the millions digit of 10331531?
0
What is the ten thousands digit of 62453?
6
What is the units digit of 26719939?
9
What is the hundreds digit of 281463?
4
What is the hundreds digit of 371441?
4
What is the thousands digit of 950180?
0
What is the tens digit of 407787?
8
What is the thousands digit of 2848601?
8
What is the ten thousands digit of 4066543?
6
What is the hundred thousands digit of 7944991?
9
What is the thousands digit of 1454142?
4
What is the hundreds digit of 11644633?
6
What is the hundred thousands digit of 22285139?
2
What is the units digit of 7687495?
5
What is the ten thousands digit of 469603?
6
What is the thousands digit of 1844325?
4
What is the units digit of 6402927?
7
What is the ten thousands digit of 266664?
6
What is the thousands digit of 654866?
4
What is the millions digit of 13656873?
3
What is the thousands digit of 538366?
8
What is the hundred thousands digit of 4701358?
7
What is the millions digit of 5210621?
5
What is the ten thousands digit of 7020716?
2
What is the millions digit of 10217572?
0
What is the hundred thousands digit of 208919?
2
What is the hundred thousands digit of 230371?
2
What is the ten thousands digit of 385177?
8
What is the units digit of 925955?
5
What is the ten thousands digit of 5399273?
9
What is the thousands digit of 174189?
4
What is the units digit of 272970?
0
What is the ten millions digit of 33631480?
3
What is the hundred thousands digit of 2143063?
1
What is the hundreds digit of 1612069?
0
What is the units digit of 372758?
8
What is the ten thousands digit of 496773